[INFO] fetching crate partial-uninit 0.1.0...
[INFO] checking partial-uninit-0.1.0 against try#72f88fc4e9458f89516a0b8b0868f3718aec5b47 for pr-74989
[INFO] extracting crate partial-uninit 0.1.0 into /workspace/builds/worker-0/source
[INFO] validating manifest of crates.io crate partial-uninit 0.1.0 on toolchain 72f88fc4e9458f89516a0b8b0868f3718aec5b47
[INFO] running `Command { std: "/workspace/cargo-home/bin/cargo" "+72f88fc4e9458f89516a0b8b0868f3718aec5b47" "read-manifest" "--manifest-path" "Cargo.toml", kill_on_drop: false }`
[INFO] started tweaking crates.io crate partial-uninit 0.1.0
[INFO] finished tweaking crates.io crate partial-uninit 0.1.0
[INFO] tweaked toml for crates.io crate partial-uninit 0.1.0 written to /workspace/builds/worker-0/source/Cargo.toml
[INFO] running `Command { std: "/workspace/cargo-home/bin/cargo" "+72f88fc4e9458f89516a0b8b0868f3718aec5b47" "generate-lockfile" "--manifest-path" "Cargo.toml" "-Zno-index-update", kill_on_drop: false }`
[INFO] running `Command { std: "/workspace/cargo-home/bin/cargo" "+72f88fc4e9458f89516a0b8b0868f3718aec5b47" "fetch" "--locked" "--manifest-path" "Cargo.toml", kill_on_drop: false }`
[INFO] running `Command { std: "docker" "create" "-v" "/var/lib/crater-agent-workspace/builds/worker-0/target:/opt/rustwide/target:rw,Z" "-v" "/var/lib/crater-agent-workspace/builds/worker-0/source:/opt/rustwide/workdir:ro,Z" "-v" "/var/lib/crater-agent-workspace/cargo-home:/opt/rustwide/cargo-home:ro,Z" "-v" "/var/lib/crater-agent-workspace/rustup-home:/opt/rustwide/rustup-home:ro,Z" "-e" "SOURCE_DIR=/opt/rustwide/workdir" "-e" "CARGO_TARGET_DIR=/opt/rustwide/target" "-e" "CARGO_HOME=/opt/rustwide/cargo-home" "-e" "RUSTUP_HOME=/opt/rustwide/rustup-home" "-w" "/opt/rustwide/workdir" "-m" "1610612736" "--user" "0:0" "--network" "none" "rustops/crates-build-env@sha256:d92eaeed33fa75130ca1ee6c8a01d1ffb62bac859dfdfb3450e3e5d1c0146529" "/opt/rustwide/cargo-home/bin/cargo" "+72f88fc4e9458f89516a0b8b0868f3718aec5b47" "metadata" "--no-deps" "--format-version=1", kill_on_drop: false }`
[INFO] [stdout] 7814491adf02d3f0ffeaf1787618a405ea4d77babff6e68616d8532008415b87
[INFO] [stderr] WARNING: Your kernel does not support swap limit capabilities or the cgroup is not mounted. Memory limited without swap.
[INFO] running `Command { std: "docker" "start" "-a" "7814491adf02d3f0ffeaf1787618a405ea4d77babff6e68616d8532008415b87", kill_on_drop: false }`
[INFO] running `Command { std: "docker" "inspect" "7814491adf02d3f0ffeaf1787618a405ea4d77babff6e68616d8532008415b87", kill_on_drop: false }`
[INFO] running `Command { std: "docker" "rm" "-f" "7814491adf02d3f0ffeaf1787618a405ea4d77babff6e68616d8532008415b87", kill_on_drop: false }`
[INFO] [stdout] 7814491adf02d3f0ffeaf1787618a405ea4d77babff6e68616d8532008415b87
[INFO] running `Command { std: "docker" "create" "-v" "/var/lib/crater-agent-workspace/builds/worker-0/target:/opt/rustwide/target:rw,Z" "-v" "/var/lib/crater-agent-workspace/builds/worker-0/source:/opt/rustwide/workdir:ro,Z" "-v" "/var/lib/crater-agent-workspace/cargo-home:/opt/rustwide/cargo-home:ro,Z" "-v" "/var/lib/crater-agent-workspace/rustup-home:/opt/rustwide/rustup-home:ro,Z" "-e" "SOURCE_DIR=/opt/rustwide/workdir" "-e" "CARGO_TARGET_DIR=/opt/rustwide/target" "-e" "CARGO_INCREMENTAL=0" "-e" "RUST_BACKTRACE=full" "-e" "RUSTFLAGS=--cap-lints=forbid" "-e" "CARGO_HOME=/opt/rustwide/cargo-home" "-e" "RUSTUP_HOME=/opt/rustwide/rustup-home" "-w" "/opt/rustwide/workdir" "-m" "1610612736" "--user" "0:0" "--network" "none" "rustops/crates-build-env@sha256:d92eaeed33fa75130ca1ee6c8a01d1ffb62bac859dfdfb3450e3e5d1c0146529" "/opt/rustwide/cargo-home/bin/cargo" "+72f88fc4e9458f89516a0b8b0868f3718aec5b47" "check" "--frozen" "--all" "--all-targets" "--message-format=json", kill_on_drop: false }`
[INFO] [stdout] 8aafea4a61c9900cdc730397040f8574665e7cdde6e0166784d713754b2ffd04
[INFO] [stderr] WARNING: Your kernel does not support swap limit capabilities or the cgroup is not mounted. Memory limited without swap.
[INFO] running `Command { std: "docker" "start" "-a" "8aafea4a61c9900cdc730397040f8574665e7cdde6e0166784d713754b2ffd04", kill_on_drop: false }`
[INFO] [stderr]     Checking partial-uninit v0.1.0 (/opt/rustwide/workdir)
[INFO] [stdout] warning: the feature `specialization` is incomplete and may not be safe to use and/or cause compiler crashes
[INFO] [stdout]  --> src/lib.rs:3:12
[INFO] [stdout]   |
[INFO] [stdout] 3 | #![feature(specialization)]
[INFO] [stdout]   |            ^^^^^^^^^^^^^^
[INFO] [stdout]   |
[INFO] [stdout]   = note: `#[warn(incomplete_features)]` on by default
[INFO] [stdout]   = note: see issue #31844 <https://github.com/rust-lang/rust/issues/31844> for more information
[INFO] [stdout] 
[INFO] [stdout] 
[INFO] [stdout] warning: the feature `specialization` is incomplete and may not be safe to use and/or cause compiler crashes
[INFO] [stdout]  --> src/lib.rs:3:12
[INFO] [stdout]   |
[INFO] [stdout] 3 | #![feature(specialization)]
[INFO] [stdout]   |            ^^^^^^^^^^^^^^
[INFO] [stdout]   |
[INFO] [stdout]   = note: `#[warn(incomplete_features)]` on by default
[INFO] [stdout]   = note: see issue #31844 <https://github.com/rust-lang/rust/issues/31844> for more information
[INFO] [stdout] 
[INFO] [stdout] 
[INFO] [stdout] error[E0599]: no method named `get_mut` found for union `MaybeUninit<Self>` in the current scope
[INFO] [stdout]   --> src/lib.rs:12:20
[INFO] [stdout]    |
[INFO] [stdout] 12 |             uninit.get_mut().partial_init();
[INFO] [stdout]    |                    ^^^^^^^ method not found in `MaybeUninit<Self>`
[INFO] [stdout] 
[INFO] [stdout] 
[INFO] [stdout] error[E0599]: no method named `get_mut` found for struct `Box<MaybeUninit<Self>>` in the current scope
[INFO] [stdout]   --> src/lib.rs:20:20
[INFO] [stdout]    |
[INFO] [stdout] 20 |             uninit.get_mut().partial_init();
[INFO] [stdout]    |                    ^^^^^^^ method not found in `Box<MaybeUninit<Self>>`
[INFO] [stdout] 
[INFO] [stdout] 
[INFO] [stdout] error: aborting due to 2 previous errors; 1 warning emitted
[INFO] [stdout] 
[INFO] [stdout] 
[INFO] [stdout] For more information about this error, try `rustc --explain E0599`.
[INFO] [stdout] 
[INFO] [stderr] error: could not compile `partial-uninit`.
[INFO] [stderr] 
[INFO] [stderr] To learn more, run the command again with --verbose.
[INFO] [stderr] warning: build failed, waiting for other jobs to finish...
[INFO] [stdout] error[E0599]: no method named `get_mut` found for union `MaybeUninit<Self>` in the current scope
[INFO] [stdout]   --> src/lib.rs:12:20
[INFO] [stdout]    |
[INFO] [stdout] 12 |             uninit.get_mut().partial_init();
[INFO] [stdout]    |                    ^^^^^^^ method not found in `MaybeUninit<Self>`
[INFO] [stdout] 
[INFO] [stdout] 
[INFO] [stdout] error[E0599]: no method named `get_mut` found for struct `Box<MaybeUninit<Self>>` in the current scope
[INFO] [stdout]   --> src/lib.rs:20:20
[INFO] [stdout]    |
[INFO] [stdout] 20 |             uninit.get_mut().partial_init();
[INFO] [stdout]    |                    ^^^^^^^ method not found in `Box<MaybeUninit<Self>>`
[INFO] [stdout] 
[INFO] [stdout] 
[INFO] [stdout] error[E0599]: no method named `get_mut` found for union `MaybeUninit<Struct>` in the current scope
[INFO] [stdout]   --> src/lib.rs:52:20
[INFO] [stdout]    |
[INFO] [stdout] 52 |             uninit.get_mut().b = 9;
[INFO] [stdout]    |                    ^^^^^^^ method not found in `MaybeUninit<Struct>`
[INFO] [stdout] 
[INFO] [stdout] 
[INFO] [stdout] error: aborting due to 3 previous errors; 1 warning emitted
[INFO] [stdout] 
[INFO] [stdout] 
[INFO] [stdout] For more information about this error, try `rustc --explain E0599`.
[INFO] [stdout] 
[INFO] [stderr] error: build failed
[INFO] running `Command { std: "docker" "inspect" "8aafea4a61c9900cdc730397040f8574665e7cdde6e0166784d713754b2ffd04", kill_on_drop: false }`
[INFO] running `Command { std: "docker" "rm" "-f" "8aafea4a61c9900cdc730397040f8574665e7cdde6e0166784d713754b2ffd04", kill_on_drop: false }`
[INFO] [stdout] 8aafea4a61c9900cdc730397040f8574665e7cdde6e0166784d713754b2ffd04
